k = -23 - -24. Let a(m) = m + 1. Let t(w) = k*o(w) + 2*a(w). What is t(-7)?
-16
Let p(n) = -n + 1. Let m = 1584 + -1577. Determine p(m).
-6
Suppose -2*j = -g + 3 + 5, 5*j + 34 = -g. Let p be (j/(-9))/(2/(-3) + 0). Let q(r) = 2*r**3 + r. Determine q(p).
-3
Let a(y) = -6 + 0*y**2 - 8*y - 9*y - 3*y**2 + 22*y + 4*y**2. Give a(-6).
0
Suppose 343 = 2*h + 361. Let o(q) = 2*q + 5. Give o(h).
-13
Let x(h) be the third derivative of h**6/120 + h**5/12 + h**4/8 + 2*h**3/3 + 68*h**2. Give x(-4).
8
Suppose 42 = -2*m + 48. Suppose 2*r - 3 = -k, -5*k + m*k + 14 = -4*r. Let z(o) = 2 + o**3 + k - 2 + 0*o**3. What is z(0)?
5
Let n(f) = -9*f - 6. Let b be n(-1). Let u(x) = b*x - 6 + x**3 - 6*x**2 + 0*x + 4*x - 5*x. Calculate u(6).
6
Let k be 2*1*6/4. Let g(c) = k*c**2 - c**2 + 2*c**3 - 4*c**2 - c. Let h = -25210 - -25209. Determine g(h).
-3
Suppose 5*g + 20 = -3*i, 5*g - 4 + 24 = 5*i. Suppose i = 3*r + r - 16. Suppose 0 = -2*b - r + 10. Let j(o) = -o**3 + 4*o**2 - 3*o - 3. What is j(b)?
-3
Let g(y) be the third derivative of -y**7/5040 + y**6/360 + 17*y**5/60 + 16*y**2. Let s(r) be the third derivative of g(r). Give s(-2).
4
Let t = 116 - 166. Let q = 44 + t. Let x(s) = -s**2 - 2*s + 7. Give x(q).
-17
Let p(d) = 2*d - 1. Let n(b) = 2*b - 1. Let o(z) = -4*n(z) + 6*p(z). What is o(2)?
6
Suppose -6*d = -126 + 138. Let w(y) = 3*y. Give w(d).
-6
Let y(i) = -6*i**3 - 5*i**2 - 9*i. Let m(q) = -10*q**3 - 9*q**2 - 17*q + 1. Suppose -31 = 4*j - 15. Let n(v) = j*m(v) + 7*y(v). Determine n(3).
-34
Let g(z) = -37*z**2 + z + 2. Let y = -2 - -1. What is g(y)?
-36
Let v(u) be the first derivative of u**5/60 - 11*u**4/24 + u**3 - 2*u**2 + 10. Let y(o) be the second derivative of v(o). Give y(10).
-4
Let w(t) = -t - t + 15 - 4. Suppose -11*x = -20*x + 72. Calculate w(x).
-5
Suppose 4*x + 7 = -5, 0 = 5*w - 4*x - 12. Let h(i) be the second derivative of 7/2*i**2 + 3*i + 4/3*i**3 + w + 1/12*i**4. Calculate h(-7).
0
Let g(c) be the first derivative of c**3/3 - 2*c**2 - c - 1. Let d be 765/18*6/15. Suppose d*t = 21*t - 8. Give g(t).
-5
Let l = 13 + -20. Let n be -2 + 6 - (2 + 0). Let b(z) = -5*z + z - n*z - 7 + 5*z. What is b(l)?
0
Let i(o) = -o**3 - 7*o**2 - 6*o - 2. Let a = 30 - 29. Let j be (a - (1 + 5))*(-6)/(-5). What is i(j)?
-2
Let z(i) = 0*i + 4*i - 10 - i. Let d be 7/((-8)/(-24)*3). Calculate z(d).
11
Let t(l) = l**2 + 4*l - 1 - 3*l + l**2. Suppose -5*j + 4*m = -j - 12, -3*m = 3*j - 9. Let z(c) = -5*c + 16. Let f be z(j). Give t(f).
2
Suppose -3*v + 8 - 2 = 0. Let k(x) = -x**2 - 3*x**2 + 0*x**2 + v*x**2 + 3. Let d(r) = 5*r**2 - 5. Let u(w) = -3*d(w) - 7*k(w). Give u(0).
-6
Let m be (-1)/(-2) - 22/(-4). Suppose -v + m*v = -4*x + 114, 138 = 5*v - 2*x. Let i(a) = 14*a + a**2 - v*a + 15*a + 6. What is i(-4)?
10
Let o(h) = -h + 4 + 2*h + 6 - 1 + 1. Calculate o(-9).
1
Suppose -5*r - 3*n - 21 = 0, -2*r - 23 = -n - 8. Let c(t) = -20*t - 41. Let j(x) = -7*x - 14. Let p(o) = 6*c(o) - 17*j(o). Calculate p(r).
-2
Let a(w) = -w - 5. Suppose 4*v + 40 = -3*y, -5*y = -9*y. Let f be a(v). Let g(j) = -j**2 + 3*j + 5. Give g(f).
-5
Let r(z) = z**3 - 2*z**2 - z. Let u be r(-1). Let v(w) = -w**3 - 9*w**2 + 9*w - 8. Let b be v(-10). Let c(j) = -b - 3*j**2 + 2 - 2*j + 1 + j**2. Determine c(u).
-3
Let w = 8 - 5. Let j(g) be the first derivative of g**5/60 - g**4/8 + g**2/2 + 4. Let i(y) be the second derivative of j(y). Determine i(w).
0
Let r(u) be the second derivative of -1/6*u**4 + 0*u**2 + 0*u**5 + 0 - 1/360*u**6 + 2/3*u**3 + 4*u. Let w(a) be the second derivative of r(a). Give w(0).
-4
Let q(x) = 4*x**2 + 3*x + 3. Let w(d) = 5*d**2 + 6*d + 5. Let f(j) = 4*q(j) - 3*w(j). Calculate f(8).
13
Suppose 3*d + 3 = 3*r - 2*r, -5*r = -5*d + 15. Let g(s) be the third derivative of 1/12*s**4 + 0 + 0*s + 2/3*s**3 + 37*s**2. What is g(r)?
-8
Let d be ((-30)/(-35))/((-2)/(-42)). Let s(j) = -d*j**2 - 1 + 2*j + 15*j**2 + 2. Calculate s(-1).
-4
Suppose -9 = -4*k + 4*h + h, -2*k + 5 = -3*h. Let o(x) = -2 + 6*x + k - 5*x. What is o(-6)?
-7
Let y(k) = k + 1. Let f be y(2). Let o(c) = 0*c**f - c**3 - 2 - 3*c**2 - 5*c - 1 + 4*c. Let p = 672 - 676. Determine o(p).
17
Suppose 20 = 2*s + 3*s. Suppose 2*c - 2*l = -0*l - 8, 0 = 4*c + 2*l + s. Let b be -3*(-3)/9*c. Let g(x) = 3*x**2 + 2*x - 2. Give g(b).
6
Let w = 182 - 189. Let b(u) = u**2 + 7*u + 6. Determine b(w).
6
Let k(g) = -2*g**2 + 7*g - 6. Let o(d) = -2*d - 2. Let j be o(-2). Suppose 52 = 2*q + 5*h, q = -q + j*h + 66. Let v = q - 27. Give k(v).
-10
Let a(c) be the second derivative of c**7/1260 - c**6/240 + c**5/60 + 11*c**4/12 + 12*c. Let y(w) be the third derivative of a(w). Determine y(3).
11
Suppose 4*a + 4*i - 8*i = 28, -5*i = -a + 23. Let c(n) = -2*n + 2. Let p(l) = 32*l - 32. Let s(o) = -34*c(o) - 2*p(o). Give s(a).
8
Let o(g) be the first derivative of 5*g**2/2 - 13. Suppose 4 = 2*r - 0. Let n = 0 + r. Give o(n).
10
Let k(c) = c**3 - 6*c**2 + 2*c - 9. Suppose 2*z - 3*x - 18 = 0, -3*z - 5*x + 3*x + 1 = 0. Let w be -9*(2 - 3)/z. Suppose w*s - 30 = -2*s. What is k(s)?
3
Let a = 1 + -2. Let g = -56 - -69. Let o(p) = 13*p**3 - 5*p**2 - 4*p + 1. Let d(y) = 27*y**3 - 11*y**2 - 9*y + 2. Let u(x) = g*o(x) - 6*d(x). What is u(a)?
-7
Let x be 4/(-24) - 305/(-30). Suppose x = 2*r - 0. Let v(t) = t. Give v(r).
5
Suppose 3 = 5*s - 4*s. Suppose -h - 2*n + 8 = -n, 0 = -s*h + 5*n + 24. Let j = 13 - h. Let u(o) = -o - 1. Calculate u(j).
-6
Let f(v) = -v**2 - 6*v + 1. Let c(o) = -6 - 5 - 11 - 9*o. Let u be c(-2). Determine f(u).
9
Let g(w) = -w**2 + 6*w - 3. Let l be (-10)/(-3)*(-1 + -2). Suppose 1 = -m - n - 2, -5*m + 4*n = -30. Let u be l*m*3/(-12). What is g(u)?
2
Suppose 3*y = 5*h - 0 + 12, 3*y + 6 = -h. Let j(q) be the first derivative of -2*q**2 - q - 384. Give j(h).
11
Suppose 3*x + 2*x = 10. Let n(k) = k + 3*k**2 + k**x + k + k**3. Let f(a) = 29*a**2 - 146*a + 2. Let v be f(5). Give n(v).
3
Let a(i) = i**3 - 7*i**2 + 3*i + 8. Let g be 0/3 + -23 - -2. Let j be ((-6)/g)/((-1)/(-21)). What is a(j)?
-10
Let i(t) = 3*t + 11. Let v be 6/18*(-8 - 7). Give i(v).
-4
Suppose 5 = 2*j - 3*j. Let q(u) = 10*u**2 - u + 4. Let p(z) = 3*z**2 + 2. Let n(m) = -7*p(m) + 2*q(m). What is n(j)?
-21
Let z(t) = -3*t + 82. Let x be z(0). Let b(o) = 5*o - 3*o + 88 - o - x. Calculate b(0).
6
Let m(a) = -a**3 - 6*a**2 - a + 3. Suppose 5*q + 3*j + 13 = 0, 3*q - 2*q + 1 = -j. Determine m(q).
-17
Let m(c) be the second derivative of -c**4/4 - c**3/3 + c**2 + 4*c - 15. What is m(-2)?
-6
Let h(l) = 3326*l - 1662*l - 1662*l - 46. What is h(22)?
-2
Let s(i) = 17 - 413*i**2 - 2*i**3 + 16*i + 0*i**3 + i**3 + 400*i**2. Calculate s(-14).
-11
Let z(l) = -l**3 + 9*l**2 + 9*l + 12. Let p be z(10). Let n(q) = 8*q - 5*q - p*q - 16. What is n(8)?
-8
Let x(d) = 7*d + 147*d**2 + 146*d**2 - 448*d**2 + 156*d**2 - 1. What is x(-7)?
-1
Let u(j) be the first derivative of -j**3/3 + 7*j**2/2 + 8*j - 180. Calculate u(9).
-10
Let v(a) be the first derivative of a**4/4 + 4*a**3/3 - 2*a**2 - 2*a + 42. Calculate v(-5).
-7
Let i(q) = q**2 + 5*q - 4. Let b(n) = n - 10. Let v be (-1)/(-4) + (-152)/(-32). Let r be b(v). Give i(r).
-4
Let h be 0 - (-1)/2*0. Let a(y) = -3*y**3 + 16 + 5 + 2*y**3 - 6. Determine a(h).
15
Suppose -4*i + 4*i + 4*i = 0. Let t(v) = 7 + 3 + 2 - v + i. Calculate t(9).
3
Let v(a) = -2*a**3 - 63*a**2 - 33*a - 63. Let b be v(-31). Let l(r) = -14*r - 1. Calculate l(b).
13
Let p(n) = -n**3 + 3*n**2 + 9*n - 21. Let b be p(4). Let c(z) be the second derivative of -z + 1/12*z**4 + 3/10*z**5 + 1/6*z**3 + 0*z**2 + 0. Calculate c(b).
-6
Let t(f) = f - 4. Let u = -2610 - -2602. Determine t(u).
-12
Let k = 106 - 71. Suppose 2*a = -0*a - 5*b + 14, 5*a - 5*b - k = 0. Let c(q) = -q**2 + 7*q + 3. What is c(a)?
3
Let t(o) = o + 1. Suppose 2*p + 2*d + 2 = 0, -p - d = 4*p - 11. Let m be ((-30)/(-20))/(3/(-16)) + p. Calculate t(m).
-4
Let t(k) be the second derivative of k**5/20 + 7*k**4/12 - 5*k**3/3 - 6*k**2 + 180*k. What is t(-8)?
4
Let r(f) be the second derivative of -f**5/60 + 5*f**4/24 + f**3/2 + 2*f. Let m(s) be the second derivative of r(s). Calculate m(-4).
13
Suppose -4*q + 36 = 8*q. Let l be 9 + 2 - (-15 - q)/(-6). Let p(m) = m**3 - 7*m**2 - 9*m + 10. Calculate p(l).
2
Let i(h) = -17*h**3 + h**2 + 2*h + 1. Let j be (-10)/(-25) - (-18)/5. Suppose 48*z = 30 - 174. Let a be (-2)/(-4)*j + z. Calculate i(a).
17
Le